 2*z. Give f(1).
1
Suppose h + 4*s - 2 = -h, 6 = 2*h + 2*s. Let p be (h + 1/(-1))*-1. Let g be 14/6 - p/6. Let l(k) = k - 5. Determine l(g).
-2
Let m(p) be the first derivative of -1/60*p**5 - 3/2*p**2 + 1/120*p**6 + 1 + 0*p**4 + 0*p**3 + 0*p. Let j(v) be the second derivative of m(v). What is j(1)?
0
Let l(q) = q - 3. Let d be l(7). Let z(p) be the second derivative of -p**3/6 - p**2/2 - 2*p. Give z(d).
-5
Let d(f) be the second derivative of 1/2*f**3 + 1/12*f**4 - 1/40*f**5 - 4*f + 0 + 0*f**2. Let j(g) be the second derivative of d(g). Calculate j(-2).
8
Let g(j) be the second derivative of -j**5/20 - j**4/2 - j**3 + j**2 - j. Determine g(-5).
7
Let j be (-18)/(-3) - (0 + 2). Let o(h) = 1 + 0 + j - h + 4. Suppose -5 = -t - c, 0*c = -5*t + 3*c + 33. What is o(t)?
3
Let b(j) = -j**3 + 3*j**2 + 4*j - 2. Suppose -6 = 2*l - l + 4*i, -3*l = -4*i - 14. Suppose 2*w + l*w - 13 = -d, -5*w + 8 = 4*d. What is b(w)?
-2
Let s(o) = -o**2 - 6*o + 8. Let k(w) = -2*w**2 - 12*w + 16. Let i(r) = -4*k(r) + 7*s(r). Determine i(-8).
8
Suppose 5*s - 2 - 17 = -u, 3*u + 5*s - 27 = 0. Let a(x) = u*x - x - 4 + x - 3*x. What is a(4)?
0
Let y(f) = 4*f - 3. Let l be (-15)/(-4) - 3/4. Suppose -4 - 5 = -l*w. Calculate y(w).
9
Let y be -3*(-2 - (-1)/(-3)). Let c be (-26)/y + (-6)/21. Let g(o) = 7*o**2 + 6*o + 5. Let d(x) = 4*x**2 + 3*x + 3. Let b(z) = 5*d(z) - 3*g(z). Calculate b(c).
-4
Let n(p) = -3 + 2 - 2*p - 4*p. Suppose 4*d + 2*j - 7*j = 11, d + j = -4. What is n(d)?
5
Let l(k) = -k**2. Let m(c) = -c + 8. Let h be m(0). Let p be 10*3/6*1. Suppose r + 2 = -3*y, p*y - r = 2*r - h. Give l(y).
-1
Let w(y) = -5*y. Let s be 2/(-4)*-8 + -1. Suppose p - 5 = -s. Give w(p).
-10
Let a(w) = -w**2 + 9*w - 5. Let o be a(8). Suppose -r + 12 = o*r. Let m(v) = 8*v**3 + 2*v**r - 3 + 2 + 2*v**2. Give m(-1).
-9
Suppose -t - 2*r + 10 = 0, 5*t = 3*r - 6*r + 36. Suppose t = z + 5. Let a(k) = k + 1. Let u(v) = -11*v - 7. Let l(g) = 14*a(g) + 2*u(g). What is l(z)?
-8
Let z(t) be the third derivative of 0*t - 3*t**2 - 1/8*t**4 + 1/3*t**3 + 0 + 1/120*t**6 - 1/20*t**5. Determine z(3).
-7
Let x(h) = h**3 - 7*h**2 + h - 4. Let y be x(7). Suppose 5*o - 2*o + y = 0. Let b(d) = 6*d - 1. Calculate b(o).
-7
Let l = -5 + 5. Suppose 5*u + 2*f + 1 = 7, l = -3*u - 3*f. Let h(y) = 4*y**2 + 8*y + 5. Let n(i) = -i**2 - 2*i - 1. Let w(p) = 2*h(p) + 9*n(p). Determine w(u).
-7
Let i(d) = -9*d. Let u(b) = -b**3 - 5*b**2 - 5*b - 2. Let t be u(-4). Let j = -36 - -40. Suppose -x = -j*v + 7 - 22, -t*v = 8. What is i(x)?
9
Let n(q) = q**3 - 4*q**2 - 6*q - 4. Let d be n(5). Let k(y) = -y**3 - 9*y**2 + y + 11. Determine k(d).
2
Let r(o) = 3*o + 8. Let z(j) = 5*j + 15. Let p(g) = -7*r(g) + 4*z(g). Give p(0).
4
Let s(d) = d**3 + 6*d**2 + 7*d + 4. Suppose 0 = -o - 4*o + 10. Let y = o + -1. Let v be y*-2 - (-2 - -5). Determine s(v).
-6
Let c(s) = -s**3 + 8*s**2 + 10*s - 13. Let h be c(9). Let z(m) = -10 + 4*m - 11 + 4*m**2 - 5*m + 20 + m**3. What is z(h)?
3
Let z(c) be the second derivative of -c**4/12 - c**3/3 - c**2/2 - 7*c. Let q be 1/(14/(-4) + 3). What is z(q)?
-1
Let r(m) = -m**3 + 3*m**2 + m + 5. Let w(z) = -z - 1. Let d be w(2). Let n be (-4)/d + (-4)/(-6). Suppose 0 = 5*l + 5*b - 5 - 0, 0 = -n*l + 2*b + 14. Give r(l).
-7
Suppose 0*b - 4 = -2*b. Let g(k) = 0*k**2 + 0*k**2 + 2*k**b - 4 - k**2. What is g(-3)?
5
Let d(g) be the first derivative of 3 + 3/2*g**2 + 6*g. Calculate d(-4).
-6
Let w be (-3 - (-3 + 2)) + -2 + 7. Let a(x) = -x**3 + 2*x**2 - 2*x + 3. Calculate a(w).
-12
Let d(u) = u**2 - 10*u - 11. Let r be d(11). Let v(i) = i**2 + i - 9. Give v(r).
-9
Let s(z) be the second derivative of 0 - 2*z - 1/3*z**3 + 0*z**2. Calculate s(2).
-4
Let b be 15/12 + (-6)/(-8). Let k(f) = 2*f - 3 - b*f - f**2 - 2*f - 5*f. Calculate k(-5).
7
Let n(h) = h. Suppose -5*p - 13 = 22. Let i = p + 11. Determine n(i).
4
Suppose -2*l + 2 = -2. Let k(x) = x**l + 0*x + 0 - 5 + 3*x. Let o(s) = s**2 + 13*s + 18. Let m be o(-11). Give k(m).
-1
Let h = 2 - 6. Suppose 2*w + 5*i = -9, -w + 15 = -i - 3*i. Let z(o) = o + w - 4 + 8. Calculate z(h).
3
Let l(o) = o**3 - 3*o**2 - 7*o + 6. Suppose -14 = -p + 2*s, -3*s - 7 = -2*p + 4*p. What is l(p)?
-6
Suppose -2*a - a + 9 = 0. Let t(i) = -2*i + 4*i**2 + 1 - i**2 - 2*i**2 - i**a + 4*i. Determine t(2).
1
Let b(j) = j**2 + 4*j + 4. Suppose 0 = 5*w + 77 + 13. Let q = -21 - w. Determine b(q).
1
Let a be 1 - 0 - (-2)/2. Suppose 0 = -5*y - 4*f + 10, f = -a*y - 0 + 4. Let b be (-3)/3 + 2 + y. Let c(j) = j - 2. Determine c(b).
1
Suppose 2*q + 9*b + 11 = 4*b, b = -5*q + 7. Suppose -3*d - q*d - 10 = 0. Let x(t) = -4*t**3 - 14*t + 15*t + 5*t**3 + 4*t**2 - 1. What is x(d)?
5
Suppose 3*z = z + 4. Let q(b) be the first derivative of -b**5/20 + b**4/12 + b**3/3 + 1. Let o(y) be the third derivative of q(y). What is o(z)?
-10
Let y(f) be the second derivative of f**5/20 - f**4/12 - f**3/6 - f**2/2 - f. Give y(2).
1
Let h(m) = m**2 + 11*m + 3. Let i be h(-11). Suppose -3 - 3 = -i*x. Let s(r) = -2*r + 4*r - x - r - 3*r. Calculate s(-2).
2
Let x(g) = -2*g - 12. Let f be x(-8). Let l = f + -4. Let k(y) = -3 + 5 + l - y. Calculate k(3).
-1
Let z = -2 + -1. Let m(c) be the second derivative of c**3/2 + 3*c**2/2 + 8*c. Give m(z).
-6
Let g(a) = -a**3 + 6*a**2 - 2*a - 2. Let c(u) = -u**3 + u + 1. Let s(x) = 2*x**3 + 6*x**2 - 3*x - 8. Let o(k) = -3*c(k) - s(k). Let n be o(6). Calculate g(n).
13
Let a be ((-2)/(-3) - 0)*3. Suppose 0*t = t - a. Let k(m) = -m + m - t - m. Determine k(3).
-5
Suppose 2*p = -a + 15, -15 = 5*a + 4*p - 60. Suppose 0 = 4*c - 6*c + z - 3, c = -a*z + 15. Suppose c*o - o = 0. Let q(v) = -v - 2. Calculate q(o).
-2
Let o(u) be the second derivative of u**6/360 - u**5/60 + u**3/6 - 2*u. Let n(j) be the second derivative of o(j). Give n(3).
3
Let j(i) = i - 7*i**2 + 10 - 4*i**3 - 2*i + 5*i**3. Let m be j(7). Let f(y) = m + 0 - 6*y + 5*y. Give f(0).
3
Let q = 0 + 3. Let u(d) = -q + 3*d + 8*d**2 - d**3 - 4*d - 2*d**2 - 4*d. What is u(5)?
-3
Suppose 3*p = 2*p + 8. Suppose p = -t - t. Let v(b) = -b - 3*b + b**2 - 2*b**2 - 5. Give v(t).
-5
Suppose 45 = 3*x + 2*x. Let w(i) = x - 14 + 0*i - 2*i. Determine w(-4).
3
Let u(p) be the third derivative of p**5/60 + p**4/24 - 2*p**3 + 2*p**2. Give u(0).
-12
Let v = 103 - 110. Let q(o) = o**2 + 12*o + 10. Determine q(v).
-25
Let h(m) = -m**3 - 5*m**2 + 6*m + 1. Let k(p) = -p**3 - 4*p**2 + 5*p + 1. Let i(c) = 3*h(c) - 4*k(c). Determine i(-3).
-13
Let i(x) = x + 10. Suppose 4 - 1 = g. Suppose -g*b = 2*b - 4*m - 31, -2*m - 5 = b. Suppose 2*z = -z - b*a - 21, 0 = -5*z - a - 27. What is i(z)?
5
Let q(h) = 1 - 2*h - 10 + h - 1. What is q(0)?
-10
Suppose 3*t = 5*t. Let g = t + 2. Suppose -c - c = -5*u - 13, 3*c = -g*u + 10. Let n(k) = k**3 - 4*k**2 - 2*k + 4. Give n(c).
-4
Let z(f) = -f**2 - 2*f - 4. Let y(w) = -w**2 - 6*w - 3. Let k be y(-6). Give z(k).
-7
Let x = 10 - 12. Let o(z) = 2*z**2 - 3*z - 2. What is o(x)?
12
Let w = -25 + 21. Let b(c) = -3*c**2 - 3*c - 1. Let h(r) be the second derivative of r**4/3 + r**3/3 + r. Let v(y) = -3*b(y) - 2*h(y). Give v(w).
-1
Suppose o + 4*o = 25. Let s be (-4)/(-10) - 2/o. Suppose s = j - 0 - 1. Let z(c) = -7*c**2 + c - 1. What is z(j)?
-7
Let r(u) = -3*u**2 + 3*u - 3. Let c = 10 - 11. Let v = 1 - c. Give r(v).
-9
Let q(p) = -p**3 - 2*p**2 + p + 2. Let d(v) = -v - 2. Suppose 2*r - 2 = 10. Suppose 2*c - 2*m = -r, -c = 2*c + 4*m - 12. Let o be d(c). What is q(o)?
0
Let g(i) = 5*i - 7. Let c(o) = o. Let u(h) = -4*c(h) + g(h). Let k(s) = s + 12. Let a be k(-6). Give u(a).
-1
Let b(r) = r + 1. Let h(n) = n**3 + 5*n**2 + 3*n - 4. Let i be h(-4). Calculate b(i).
1
Let c(u) = -6*u**2 + u + 3. Let n(j) = 5*j**2 - j - 2. Let i(a) = 4*c(a) + 5*n(a). Give i(2).
4
Let s(k) = -k**3 - 3*k**2 - 2*k - 4. Let a be s(-3). Let q(d) = -d**a + 3*d - 2*d**2 + d**3 - 2*d**2. Suppose -4*h - 8 = 0, 4*h + 18 = 2*o - h. Calculate q(o).
-4
Let g(t) = t**3 + 40 + 3*t**2 - 46 - 4*t**2. Calculate g(0).
-6
Suppose 0 = 4*h + 6 - 38. Let u(p) = p**2 - 10*p + 9. What is u(h)?
-7
Suppose -3*l + 2*l = -4. Suppose r = -3*d + 15, -4*r + 27 = l*d - 17. Let g(o) = -8 - 4 + 3*o + r. Give g(3).
6
Let d be 5*(-4 + 3)*(2 + -3). Let a(y) be the first derivative of -y**3/3 + 3*y**2/2 + 3*y - 1. Calculate a(d).
-7
Let z(r) = -1. Let m(g) = -g + 1. Let w(k) = 2*m(k) + 2*z(k). Suppose 0 